 = f + -7. List the prime factors of d.
7
Let x(u) = -1 - u - 6 + 2*u. Let w be x(6). List the prime factors of (-3*5 - 0)*w.
3, 5
Let u(h) be the first derivative of -h**4/12 - h**3/6 + 2*h**2 - h - 2. Let l(r) be the first derivative of u(r). List the prime factors of l(0).
2
Let j = 4 - 4. Suppose j*f = -2*f + 44. What are the prime factors of f?
2, 11
Let q(z) = -z - 2. Let k be q(-4). Suppose k*p - 10 - 4 = 0. What are the prime factors of p?
7
Suppose -173 = -4*d + 3*r + 298, -d - 5*r = -112. Suppose -4*q - 27 - 105 = -4*k, -3*q + d = 3*k. List the prime factors of k.
2, 3
List the prime factors of (-290)/(-9) + 22/(-99).
2
Let c = -15 + 11. Let k(r) = -r**3 - 5*r**2 - 4*r + 4. List the prime factors of k(c).
2
Suppose -2*j - 5*z = -190, 224 + 272 = 5*j + 2*z. List the prime factors of j.
2, 5
Let i(g) = g - 1. Let p be i(1). Suppose 4*x + x - 100 = p. List the prime factors of x.
2, 5
Let s be 2 - -30*1/(-2). Let p be 2*2*s/4. Let n = p - -21. What are the prime factors of n?
2
Let d(f) = f**3 - 12*f**2 - 16*f + 6. Let m be d(13). Let r = 9 - m. List the prime factors of r.
2, 3, 7
Let f be (3 + -1)/(1/2). Let g = -9 + f. Let j = g + 7. List the prime factors of j.
2
Suppose -2*m + 156 + 264 = 0. What are the prime factors of m?
2, 3, 5, 7
Suppose 0*d + 2*d = 0. Suppose d*y = -2*y + 22. List the prime factors of y.
11
Let q(x) = x**2 - 7*x - 5. Let t be q(8). Suppose j = -t*j - 8. List the prime factors of (24/15)/(j/(-5)).
2
Let t = 3 + -3. Suppose t = 3*h - 31 - 92. What are the prime factors of h?
41
Suppose -19*c = -23*c + 872. What are the prime factors of c?
2, 109
Let d = -22 - -58. What are the prime factors of d?
2, 3
Let i(d) = -d**2 - 4*d - 1. Let y be i(-3). Suppose 2*o + y*o - 400 = 0. Suppose s - 98 = -4*g, g = 5*g + 2*s - o. What are the prime factors of g?
2, 3
Let j(f) = -37*f - 1. What are the prime factors of j(-1)?
2, 3
Suppose 3*g - 5*g = -4. Suppose g*b - 3*v = 71, v + 55 = 3*b - 34. What are the prime factors of 164/14 - (-8)/b?
2, 3
Suppose 6 = -2*u, 7*b - 443 = 3*b + 5*u. List the prime factors of b.
107
Let f be (1/3)/(7/105). Let u = 26 - 16. Suppose -u = -5*h - f*s, -5*h - 5 = 2*s - 18. What are the prime factors of h?
3
Let c(q) = q**3 + 4*q**2 + 4. Let s be c(-4). Let l = s + 1. Let j = l - 2. List the prime factors of j.
3
Let x = 53 - 45. What are the prime factors of x?
2
Let l(i) = -i + 13. Let v be l(11). List the prime factors of -3 + 0/v - -41.
2, 19
Let o = 111 + 6. Suppose -3*g + 2*s = -113, 3*g + 0*s = 3*s + o. List the prime factors of g.
5, 7
Suppose 5*d - 135 = -5*m, -d + 2*m = 7*m - 23. Suppose d = 2*t + 2. What are the prime factors of t?
13
Suppose 5*m - 94 = -o, 0 = -0*o - 2*o + m + 166. Let k = -2 - -2. Suppose 5*s - h - o = h, s - 4*h - 6 = k. What are the prime factors of s?
2, 3
Let i = 10 + 0. Let n(d) = d**2 - 11*d + 24. What are the prime factors of n(i)?
2, 7
Let m = 15 - -15. What are the prime factors of m?
2, 3, 5
Suppose -3*d = -5*o + 135, 0 = -3*o + 5*d + 17 + 48. Let m = o - 25. List the prime factors of m.
5
Let w(c) = -4*c**2 - 2 + 5*c**2 - 6*c - 3. Let t be w(7). List the prime factors of 70/9 + t/9.
2
Let u(y) = -y**3 - 2*y**2 + 2. Let l be u(-5). Suppose -49 - l = 2*w. List the prime factors of w/(-6)*(-2)/(-3).
7
Let z(v) = 11*v**2 + v + 1. Let i be z(-1). Let m = -11 + 12. Let d = i + m. List the prime factors of d.
2, 3
Let b(p) = -p**3 - 7*p**2 - p - 7. Let d be b(-7). Let a(n) = n**3 + 7. List the prime factors of a(d).
7
Suppose 4*t + 10*k - 5*k = 73, -5*t - k + 65 = 0. Suppose -4*z = -3*z - 4*w + 13, z - t = -w. Suppose y - 12 - z = 0. What are the prime factors of y?
19
Suppose k = 3*k - 12. Suppose k + 66 = b. Suppose -r + 5*r - b = 0. List the prime factors of r.
2, 3
Suppose 5*q - 3*j + 7*j - 346 = 0, -2*q + 141 = -j. List the prime factors of q.
2, 5, 7
Let n(b) = 2*b**2 - 5*b - 2. Suppose 0 = d + 1, -4*u + 4*d = -d - 5. Suppose -2*c + 0 = 5*y - 22, 4*y + 5*c - 21 = u. List the prime factors of n(y).
2, 5
Suppose -2*s + 3*d - 18 = -181, 0 = 2*s - 2*d - 168. What are the prime factors of s?
89
Let h(s) = -s**3 + 4*s**2 + 6*s + 2. Let t(o) = o**2 - 4*o - 7. Let d be t(6). What are the prime factors of h(d)?
7
Suppose -2*b - 5*x + 70 = -x, -3*b = 4*x - 103. List the prime factors of b.
3, 11
Let p(z) = z**3 + z**2 - z + 9. What are the prime factors of p(0)?
3
Let s = -26 - -28. Suppose 4*r - 144 = s*o, 2*o - o - 33 = -r. What are the prime factors of r?
5, 7
Let h be 18/(-3)*(-1)/(-3). List the prime factors of h*((-84)/8 - 2).
5
Let l(u) = 4*u**2 - 4*u + 2. Let k be l(2). Suppose j + 3*f = 21, -f + 6*f = k. List the prime factors of j.
3, 5
Let t be (-1424)/(-10) + (-10)/25. Suppose -32 = 5*y - t. What are the prime factors of y?
2, 11
Suppose 96 = 4*m - 40. List the prime factors of m.
2, 17
Suppose 3*p - 187 = -5*h, h - p - 47 = -4*p. Suppose t + 2*l - h = 0, 0 = 4*t - l - 200 + 24. Let r = t - 31. List the prime factors of r.
2, 3
Let b(i) = -3*i + 5. Let m(a) = -2*a + 6. Let c(n) = -3*b(n) + 4*m(n). What are the prime factors of c(0)?
3
Let t(r) = -r - 5. Let o be t(-6). Suppose 4*u = 4*y - 7 - o, -5*u - y + 20 = 0. Suppose s = u*s - 26. What are the prime factors of s?
13
Suppose -20 = 2*a - 4. Let w = a - -10. What are the prime factors of w?
2
Suppose 58 + 142 = 4*g. List the prime factors of g.
2, 5
What are the prime factors of (-16)/10*25/(-2)?
2, 5
Suppose 20 = -q - 4*q, 3*q - 58 = -k. What are the prime factors of k?
2, 5, 7
What are the prime factors of (0 - -3 - -104) + 3?
2, 5, 11
Suppose -13*m + 425 = -8*m. What are the prime factors of m?
5, 17
Let j be (-1 + -1)/1 - -1. Let p = j - -1. Suppose -c + 3 + p = 0. What are the prime factors of c?
3
Let t be ((-10)/(-25))/(3/285). Suppose -t = -4*q - 2*x + 82, 4*q + 4*x = 116. List the prime factors of q.
31
Let n(w) = -w**2 - 7*w - 2. Let o(c) = -c - 1. Let z(x) = -n(x) + 5*o(x). Suppose -5*f - 4*i = 1, -5*f + f + 32 = -5*i. List the prime factors of z(f).
2, 3
Let n(d) = -27*d - 10. What are the prime factors of n(-5)?
5
Let p(t) = 10*t - 11. Let q(a) = -3*a + 4. Let r(x) = -4*p(x) - 11*q(x). What are the prime factors of r(-2)?
2, 7
Suppose 2*b + i = 249, -2*b + 75 = 3*i - 180. Suppose -4*m + 3*o - 7*o = -244, -2*m - 3*o = -b. List the prime factors of m.
2, 3, 5
Suppose 0 = -5*w + 2 - 12. List the prime factors of 20*2/(w - -4).
2, 5
Let f(t) = 3*t**2 + 2. What are the prime factors of f(3)?
29
Suppose -3*u + 5 = -5*m, -10 = 4*m - 2*u - 4. What are the prime factors of 6/m*56/(-6)?
2, 7
Suppose -g + 9 - 5 = 0. Suppose -3*k = -5*c - k + g, 2*c - 2*k = 4. Suppose -4*a = -3*l - 2*a + 40, -a + 1 = c. What are the prime factors of l?
2, 7
Let f(y) = y**3 + 19*y**2 + 14*y - 17. What are the prime factors of f(-18)?
5, 11
Suppose 18 = 2*h - 0*h. Suppose h = 5*z - 1. Suppose -23 = -4*m - z*r + 43, 5*m = 5*r + 75. List the prime factors of m.
2
Let a(v) = -v + 8. Suppose -7 = -2*o + 5. Let w be a(o). Suppose -4*n = 3*h - 45 - 35, n = -w*h + 25. What are the prime factors of n?
17
Let f = 17 - 25. Let w(o) = o**3 + 7*o**2 - 9*o + 2. What are the prime factors of w(f)?
2, 5
Suppose -2*i - 10 = -d, 0 = 2*d + 4*i - 0*i + 12. What are the prime factors of 1*d + 0/(-7)?
2
Let x(m) = m**2 + m. Let i(j) = 6*j**2 + 5*j. Let d(s) = 2*i(s) - 11*x(s). List the prime factors of d(2).
2
Suppose 6*r = 3*r + 6. Suppose -2*z - 3*z - 3*g = 0, 5*z + g - 10 = 0. Suppose -d = -3*w + 14, -z*w - 5*d = -r*w - 10. What are the prime factors of w?
5
Let q be ((-6)/(-8))/(1/4). Suppose q*p + 2*d = 52, 0*d - 15 = -3*d. List the prime factors of p.
2, 7
Let h(k) = 8*k + 16. Let x be h(7). Suppose -2*i + 0*i + x = 0. What are the prime factors of i?
2, 3
Let q = 161 + 86. What are the prime factors of q?
13, 19
Let t(h) be the second derivative of h + 0 - 1/2*h**2 - 1/3*h**4 + 1/2*h**3 - 1/20*h**5. What are the prime factors of t(-5)?
3
Let l = -1 - -2. Let q be -2 + l - (1 + -10). List the prime factors of (-1)/(-4) + 78/q.
2, 5
Let r be 1/3 - (-37)/(-3). Suppose 2*j - 2*m = -114, 0 = -4*m + 2 + 2. List the prime factors of j/r*(-3)/(-2).
7
Suppose 2*r = r + 5. Suppose 2*w + y = -2*y + 19, 5*w - 35 = -r*y. What are the prime factors of w?
2
Let u(p) = -p**3 + 6*p**2 - p + 1. Let g be u(4). Suppose 11 = 3*j - h, 5*h = 3*j - g - 